3*k - n*u = 1, 2*k = -4*u + 2*u - 2. List the prime factors of (3 + 0)*(-10)/k.
2, 5
Let l(c) = -2*c + 18. List the prime factors of l(0).
2, 3
Let p(f) = 2*f**2 - 7*f + 6. Let i = 20 - 16. What are the prime factors of p(i)?
2, 5
Let g(h) = -4*h + 3. Let z be g(-6). Suppose -4*b = -z - 5. List the prime factors of b.
2
Let f(v) = v**2 + v + 1. Let h(b) = 6*b**2 + b + 1. Let g(a) = -2*f(a) + 2*h(a). Let j be g(2). Suppose 0*d = -5*d + j. List the prime factors of d.
2
Suppose 5*l - 3*n = n + 32, 3*l = -4*n + 32. Suppose -l*v + 316 = -4*v. Suppose -2*g + 29 = a, -5*g + a + v = -3*a. List the prime factors of g.
3, 5
Suppose 0 = 4*a + 74 - 22. List the prime factors of (-3 - 0)*a/3.
13
Let b be 5 + -3 + (1 - 0). Let p(t) = -t**3 - 4*t**2 + 7*t + 4. Let s(z) = -z**3 - 2*z**2 + 4*z + 2. Let l(h) = b*p(h) - 5*s(h). List the prime factors of l(2).
2, 3
Suppose 0 = o + 3*o - 16. Suppose -3*h - 42 = -o*h. Suppose -h - 10 = -4*r. What are the prime factors of r?
13
Suppose 3*y + 5*t - 2 = -7, y + 2*t + 3 = 0. Let b = 2 + y. List the prime factors of b.
7
Suppose 1 = 4*d - k, 2*k = -2*k + 12. What are the prime factors of d/(3/(-48)*-4)?
2
Let h(j) = -j**2 - 7*j + 5. Let o be h(-7). Suppose -60 = -5*w - o*l, 8 = 2*w + 3*l - 19. What are the prime factors of w?
3
Let j(t) = t + 9. Let g be j(-7). Suppose 144 = g*y - 6*y. List the prime factors of (-8)/y + 122/18.
7
Suppose 0 = -2*p + 4*q - 4, 5*p - q - 8 = -0*p. What are the prime factors of p - -12 - 3 - 0?
11
What are the prime factors of (2 + -35)*418/(-57)?
2, 11
Let g(x) = -27*x + 3 + 9*x + 17*x + 3*x**2. What are the prime factors of g(4)?
47
Suppose -23 = -5*x + 2*i - 0*i, 0 = x - i - 4. Suppose -64 = -x*h + 6. What are the prime factors of h?
2, 7
Suppose 5*o + 16 = 41. Let l(y) = -y**3 + 5*y**2 + 4*y. What are the prime factors of l(o)?
2, 5
Suppose -5*x = -4*z - 710, -7*x - 2*z = -6*x - 156. List the prime factors of x.
2, 73
Suppose -3*z + 2*i + 4 = 2, -2 = -i. What are the prime factors of z?
2
Suppose -5*c = -4*c - 2. Suppose -1 = 2*j - 2*o + 5, o = -c*j + 9. List the prime factors of j.
2
Let b(m) = -m + 9. Let u be b(4). Suppose u*n + 4*h = 18, 4*n + h - 3*h - 30 = 0. List the prime factors of n.
2, 3
Let a = -245 + 359. What are the prime factors of a?
2, 3, 19
Let d = 1 + 3. List the prime factors of d.
2
Let i(n) = -n. Let z(m) = 10*m + 1. Let j(x) = -5*i(x) - z(x). Let o be j(-1). Suppose -o + 0 = -v. List the prime factors of v.
2
Let s(m) = m**2 + 4*m - 23. What are the prime factors of s(-13)?
2, 47
Let w be -3 + ((-46)/(-1))/2. Suppose 0 = -b + w - 6. List the prime factors of b.
2, 7
Let c(d) be the second derivative of d**4/12 - 4*d**3/3 + 11*d**2/2 - 5*d. List the prime factors of c(9).
2, 5
Let y(t) = 25*t**2 - 1. Let q be y(1). Suppose -3*d = -c + 37 + 10, 2*d = 3*c - 113. Let s = c - q. What are the prime factors of s?
11
Let s(z) = -z**3 + 2*z + 28. What are the prime factors of s(0)?
2, 7
Let w(l) = 2*l**2 + 13*l - 10. Let z(t) = -7*t - t**2 - 19*t + 21 - 2*t**2. Let u(i) = -5*w(i) - 3*z(i). What are the prime factors of u(11)?
3
Let y = 515 - 344. List the prime factors of y.
3, 19
Let c be 4/22 + (-576)/22. Let i = -14 - c. List the prime factors of (-2)/(-6) + 68/i.
2, 3
Let x be (0 + -1)/((-1)/9). Let u be (-2)/(-4)*(33 + -15). Suppose q - u = -3*q + 5*b, -2*q + b = -x. List the prime factors of q.
2, 3
What are the prime factors of 33 - 0 - 2*-1?
5, 7
Let k be 7 - (-6)/(-2) - 0. Let t(r) = 8*r**3 - r**2 - 2*r + 1. Let o be t(2). Suppose k*i - 2*n - 60 = 2*n, 5*i - o = -n. What are the prime factors of i?
2, 3
Let r(o) = -o**2 - 2*o - 1. Let h be r(3). What are the prime factors of (h/4)/(4/(-6))?
2, 3
Let q = 229 + -138. List the prime factors of 1379/q - 2/13.
3, 5
Let v(j) = 3 - 4*j + 4*j + j. List the prime factors of v(8).
11
Let r = 30 - 1. List the prime factors of r.
29
Let n = -4 - 1. Let v = 8 + n. List the prime factors of v.
3
Let r be (4/1 + 1)*1. Suppose -29 + r = -3*x. List the prime factors of x.
2
Let i(f) = 3*f**2 - 2*f - 2. List the prime factors of i(3).
19
Let h(n) = n + 36. List the prime factors of h(15).
3, 17
Let r(p) = 2*p**3 - 27*p**2 + 9*p + 1. Let v(w) = -w**3 + 13*w**2 - 4*w - 1. Suppose -4*z = 3 - 27. Let g(f) = z*r(f) + 13*v(f). List the prime factors of g(7).
7
Suppose 4*y - 20 = -4*b + 2*b, -66 = -4*b + 5*y. What are the prime factors of b?
2, 7
Suppose 5*a + 5*f - 6 = 4, -3*a = -5*f - 30. Suppose -l = r + 2*l + 1, -r - 33 = -a*l. Let b = r + 20. List the prime factors of b.
7
List the prime factors of (6 - 2)/2*3.
2, 3
Suppose -5*b + 145 = -f + 6*f, -2*f = b - 60. List the prime factors of f.
31
Suppose 6 = 2*z - 12. Let g(i) be the third derivative of i**4/24 - i**2. List the prime factors of g(z).
3
Let z = -2 - -4. Suppose -4*p + 31 = -1. Suppose 0 = -2*d + 2*v, z*v = 2 + p. List the prime factors of d.
5
Suppose 0 = 7*x - 8*x - 60. List the prime factors of (9/27)/((-2)/x).
2, 5
Let j = 8 + -3. Suppose 0 = 5*q - j*p - 20 - 30, -25 = 5*p. What are the prime factors of q?
5
Let j = -3 + 2. List the prime factors of (-3)/j*(0 + 1).
3
What are the prime factors of (34/(-17))/(1/(-30))?
2, 3, 5
Let a = -3 + 5. Suppose -a*h + 3 = -1. Suppose -h*d + 26 = 4. List the prime factors of d.
11
Let k be 6/(-4)*(-36)/3. Suppose -a - u - 2 = 0, -a - u + 4*u = k. What are the prime factors of (5/(-15))/(1/a)?
2
Let m be 316/(-3)*3/(-1). What are the prime factors of m/10 + (-2)/(-5)?
2
Let i(b) = 11*b**2 + 3*b + 1. What are the prime factors of i(-3)?
7, 13
Suppose -y - 4*u - u = -38, -5*y - 3*u = -102. List the prime factors of y.
2, 3
Let t = 39 - 2. List the prime factors of t.
37
Suppose 5*f - 13 = -0*v - v, -v = f - 5. Suppose 0 = -2*o + 3*a + 37, -f*a + 32 + 18 = 4*o. List the prime factors of o.
2, 7
Let l be (-1)/(-1) + 135/9. Suppose v - l = -3*v. What are the prime factors of v?
2
Let t(g) = -g + 16. List the prime factors of t(10).
2, 3
Let a(y) = -3*y - 3. Let z be (-1)/(1 + 5/(-6)). Let j be a(z). Suppose -3*k + 3*b + 18 = -j, -52 = -5*k + 2*b. What are the prime factors of k?
2, 5
Let f(v) = 6*v + 4. List the prime factors of f(7).
2, 23
Suppose 2*r + 3*t + 105 = 0, -3*r + 3*t - 255 = r. List the prime factors of (3 - 4)*r/2.
2, 3, 5
Suppose -8 = 5*v - 23. Suppose 0*q - v*q = 0. Suppose j - 3 = q, -30 = -3*d - 0*d - 2*j. List the prime factors of d.
2
Let z(b) = 5*b + 1. Suppose 1 = -2*x + 3*x. List the prime factors of z(x).
2, 3
Let z(v) = v**3 - 2*v + 115. Let p be z(0). Suppose 0 = -3*c - 2*c + p. List the prime factors of c.
23
Let z(s) = s**3 - s**2 - s + 93. Let n be z(0). Suppose 0*q - n = -3*q. Suppose 0 = 5*m - 5*u - q - 4, -5*m = u - 17. List the prime factors of m.
2
Let l be 130/15*3/2. Suppose -z + 6 = -3*y - l, z + 2*y = -6. Suppose -p - 29 = -4*p - 2*r, 0 = 5*p + z*r - 51. What are the prime factors of p?
7
Let f(k) = -k**2 + 11*k - 7. Suppose 0 = 5*t - 2*h - 41, 13 = t - 2*h - 0*h. List the prime factors of f(t).
3, 7
Let a(z) = -2*z - 6. Let c(p) = 3*p + 12. Suppose -2 = 3*x + 16. Let k(g) = x*c(g) - 11*a(g). What are the prime factors of k(5)?
2, 7
What are the prime factors of (-2 - (-4)/6)/((-14)/987)?
2, 47
Suppose -8*d + 565 = -3*d. What are the prime factors of d?
113
Suppose -426 = -6*w + 582. What are the prime factors of w?
2, 3, 7
Let z = -81 - -134. List the prime factors of z.
53
Let s(p) = 4*p**2 - 8*p + 1. List the prime factors of s(-4).
97
Suppose 5*a + 2*g = -6, 2 = -3*g - 7. Suppose -d - 4*d + 25 = a. Suppose 3*k + 10 = -5*p, -2*k - d*p - 18 = -3. What are the prime factors of k?
5
Let t(j) = -j. Let b be t(-5). Suppose 0 = b*z + x - 5, 6*z = 2*z + 2*x + 18. Suppose -l + z + 3 = 0. What are the prime factors of l?
5
Suppose 6 = 5*y - 4. Suppose y*g - 4*g + 54 = 0. What are the prime factors of g?
3
Let l(i) = 8*i**3 - i**2 + i - 1. What are the prime factors of l(1)?
7
Let h(j) = 0 + j + 0 + 2*j**2. Let x(d) = 2*d**2 + 2*d + 1. Let l(u) = -2*h(u) + 3*x(u). What are the prime factors of l(-3)?
3
Let h(d) = 39*d**3 - 3*d + 2. List the prime factors of h(1).
2, 19
Let i be (1 - (0 + 2))*-5. Suppose 0 = i*l - 2*l + 33. List the prime factors of -2 - (-1 + 0) - l.
2, 5
Suppose 4*t - 5*g = 88, -4*t - 5*g + 60 = -3*g. Let r = 25 - t. List the prime factors of r.
2
Let l(d) = 2*d**2 - 4*d - 29. List t